ulate the remainder when 57787 is divided by 10.
7
Calculate the remainder when 11572 is divided by 73.
38
What is the remainder when 864594 is divided by 19?
18
What is the remainder when 1445 is divided by 58?
53
Calculate the remainder when 250 is divided by 19.
3
Calculate the remainder when 158710 is divided by 421.
414
Calculate the remainder when 19262 is divided by 36.
2
What is the remainder when 13367 is divided by 141?
113
Calculate the remainder when 427 is divided by 139.
10
What is the remainder when 91598 is divided by 2234?
4
Calculate the remainder when 21574 is divided by 26.
20
What is the remainder when 10571 is divided by 162?
41
Calculate the remainder when 40333 is divided by 498.
493
What is the remainder when 6867 is divided by 82?
61
What is the remainder when 15596 is divided by 760?
396
What is the remainder when 1151 is divided by 39?
20
Calculate the remainder when 23855 is divided by 54.
41
What is the remainder when 1340 is divided by 401?
137
Calculate the remainder when 3294744 is divided by 27.
15
What is the remainder when 4626 is divided by 767?
24
What is the remainder when 177339 is divided by 44?
19
Calculate the remainder when 95897 is divided by 31964.
5
Calculate the remainder when 656810 is divided by 1602.
1592
Calculate the remainder when 1770089 is divided by 9.
5
Calculate the remainder when 2153497 is divided by 292.
289
Calculate the remainder when 109463 is divided by 32.
23
Calculate the remainder when 29372 is divided by 8.
4
What is the remainder when 234166 is divided by 58536?
22
Calculate the remainder when 1227 is divided by 46.
31
What is the remainder when 6422 is divided by 703?
95
Calculate the remainder when 224517 is divided by 30.
27
Calculate the remainder when 2752 is divided by 41.
5
Calculate the remainder when 1524 is divided by 159.
93
What is the remainder when 256799 is divided by 200?
199
What is the remainder when 16487 is divided by 5?
2
What is the remainder when 135171 is divided by 22525?
21
Calculate the remainder when 20207 is divided by 47.
44
What is the remainder when 58477 is divided by 5?
2
What is the remainder when 157166 is divided by 13?
9
What is the remainder when 10032 is divided by 3337?
21
What is the remainder when 898051 is divided by 299347?
10
Calculate the remainder when 44397 is divided by 138.
99
What is the remainder when 27590 is divided by 27584?
6
Calculate the remainder when 10825 is divided by 41.
1
What is the remainder when 38661 is divided by 4832?
5
What is the remainder when 1007360 is divided by 105?
95
What is the remainder when 829 is divided by 294?
241
Calculate the remainder when 4339 is divided by 24.
19
What is the remainder when 7781373 is divided by 1088?
1085
Calculate the remainder when 3379 is divided by 428.
383
What is the remainder when 3741 is divided by 745?
16
What is the remainder when 5804 is divided by 1448?
12
Calculate the remainder when 26730 is divided by 3815.
25
What is the remainder when 450019 is divided by 214?
191
What is the remainder when 65451 is divided by 265?
261
Calculate the remainder when 277551 is divided by 1367.
50
What is the remainder when 83153 is divided by 20782?
25
Calculate the remainder when 12488 is divided by 305.
288
What is the remainder when 5006 is divided by 293?
25
What is the remainder when 67586 is divided by 14?
8
What is the remainder when 1263 is divided by 536?
191
What is the remainder when 149369 is divided by 7?
3
Calculate the remainder when 11687 is divided by 672.
263
Calculate the remainder when 24193 is divided by 4.
1
What is the remainder when 4078 is divided by 1970?
138
What is the remainder when 172132 is divided by 72?
52
Calculate the remainder when 27 is divided by 6.
3
What is the remainder when 90239 is divided by 120?
119
Calculate the remainder when 14999 is divided by 264.
215
What is the remainder when 578652 is divided by 34?
6
What is the remainder when 10358 is divided by 96?
86
Calculate the remainder when 2409 is divided by 598.
17
Calculate the remainder when 23785 is divided by 610.
605
What is the remainder when 7772 is divided by 18?
14
What is the remainder when 11035 is divided by 283?
281
What is the remainder when 70514 is divided by 146?
142
Calculate the remainder when 10308 is divided by 191.
185
What is the remainder when 11956 is divided by 29?
8
What is the remainder when 2824065 is divided by 4?
1
What is the remainder when 10448 is divided by 48?
32
Calculate the remainder when 5704 is divided by 2621.
462
What is the remainder when 57111 is divided by 238?
229
Calculate the remainder when 37640 is divided by 744.
440
What is the remainder when 44675 is divided by 2466?
287
What is the remainder when 26280 is divided by 2622?
60
What is the remainder when 4228 is divided by 15?
13
What is the remainder when 664 is divided by 42?
34
What is the remainder when 19969 is divided by 2837?
110
What is the remainder when 7076 is divided by 2275?
251
What is the remainder when 556453 is divided by 7?
2
Calculate the remainder when 5607 is divided by 370.
57
What is the remainder when 111528 is divided by 77?
32
What is the remainder when 226 is divided by 35?
16
What is the remainder when 791 is divided by 19?
12
Calculate the remainder when 17427 is divided by 107.
93
What is the remainder when 475 is divided by 112?
27
What is the remainder when 8279 is divided by 31?
2
What is the remainder when 121280 is divided by 933?
923
Calculate the remainder when 1259 is divided by 610.
39
What is the remainder when 18098 is divided by 152?
10
What is the remainder when 1180 is divided by 71?
44
What is the remainder when 589805 is divided by 879?
875
Calculate the remainder when 7966 is divided by 419.
5
What is the remainder when 74031 is divided by 56?
55
Calculate the remainder when 37843 is divided by 127.
124
What is the remainder when 1062882 is divided by 7?
2
Calculate the remainder when 5297 is divided by 5296.
1
Calculate the remainder when 1472 is divided by 290.
22
Calculate the remainder when 9573 is divided by 31.
25
What is the remainder when 837 is divided by 405?
27
Calculate the remainder when 153459 is divided by 352.
339
What is the remainder when 47725 is divided by 672?
13
Calculate the remainder when 42690 is divided by 7115.
0
What is the remainder when 3374 is divided by 1583?
208
What is the remainder when 6879 is divided by 248?
183
What is the remainder when 93389 is divided by 116?
9
Calculate the remainder when 353 is divided by 267.
86
Calculate the remainder when 8483 is divided by 1087.
874
What is the remainder when 341167 is divided by 162?
157
Calculate the remainder when 1196 is divided by 131.
17
What is the remainder when 13773 is divided by 4583?
24
Calculate the remainder when 6194 is divided by 649.
353
What is the remainder when 106605 is divided by 70?
65
Calculate the remainder when 42110 is divided by 14033.
11
Calculate the remainder when 101451 is divided by 9222.
9
Calculate the remainder when 60833 is divided by 156.
149
What is the remainder when 66331 is divided by 23?
22
Calculate the remainder when 4099 is divided by 1514.
1071
Calculate the remainder when 44184 is divided by 579.
180
Calculate the remainder when 2392 is divided by 2325.
67
What is the remainder when 52826 is divided by 46?
18
Calculate the remainder when 6251 is divided by 12.
11
What is the remainder when 226793 is divided by 20?
13
What is the remainder when 3762 is divided by 367?
92
Calculate the remainder when 37393 is divided by 135.
133
Calculate the remainder when 1235 is divided by 132.
47
What is the remainder when 10335 is divided by 1060?
795
Calculate the remainder when 780572 is divided by 441.
2
Calculate the remainder when 240157 is divided by 76.
73
What is the remainder when 154392 is divided by 268?
24
What is the remainder when 186998 is divided by 110?
108
What is the remainder when 1165 is divided by 587?
578
What is the remainder when 26485 is divided by 13231?
23
What is the remainder when 27947 is divided by 130?
127
Calculate the remainder when 3883 is divided by 1936.
11
What is the remainder when 170 is divided by 158?
12
What is the remainder when 252419 is divided by 278?
273
Calculat